{"id":22,"date":"2013-05-28T14:38:38","date_gmt":"2013-05-28T12:38:38","guid":{"rendered":"http:\/\/derechointernacionalprivado.umh.es\/la-proteccion-del-derecho-fundamental-a-la-propia-imagen-frente-a-los-medios-de-comunicacion-y-las-nuevas-amenazas-tecnologicas\/"},"modified":"2013-05-28T14:38:57","modified_gmt":"2013-05-28T12:38:57","slug":"la-proteccion-del-derecho-fundamental-a-la-propia-imagen-frente-a-los-medios-de-comunicacion-y-las-nuevas-amenazas-tecnologicas","status":"publish","type":"page","link":"https:\/\/derechointernacionalprivado.umh.es\/ca\/investigacion\/proyectos\/la-proteccion-del-derecho-fundamental-a-la-propia-imagen-frente-a-los-medios-de-comunicacion-y-las-nuevas-amenazas-tecnologicas\/","title":{"rendered":"<span lang=\"es\">(Espa\u00f1ol) La protecci\u00f3n del derecho fundamental a la propia imagen frente a los medios de comunicaci\u00f3n y las nuevas amenazas tecnol\u00f3gicas<\/span>"},"content":{"rendered":"<p><\/p>\n<\/p>\n<p><\/p>","protected":false},"excerpt":{"rendered":"","protected":false},"author":2794,"featured_media":0,"parent":18,"menu_order":0,"comment_status":"closed","ping_status":"open","template":"","meta":{"_links_to":"","_links_to_target":""},"_links":{"self":[{"href":"https:\/\/derechointernacionalprivado.umh.es\/ca\/wp-json\/wp\/v2\/pages\/22"}],"collection":[{"href":"https:\/\/derechointernacionalprivado.umh.es\/ca\/wp-json\/wp\/v2\/pages"}],"about":[{"href":"https:\/\/derechointernacionalprivado.umh.es\/ca\/wp-json\/wp\/v2\/types\/page"}],"author":[{"embeddable":true,"href":"https:\/\/derechointernacionalprivado.umh.es\/ca\/wp-json\/wp\/v2\/users\/2794"}],"replies":[{"embeddable":true,"href":"https:\/\/derechointernacionalprivado.umh.es\/ca\/wp-json\/wp\/v2\/comments?post=22"}],"version-history":[{"count":0,"href":"https:\/\/derechointernacionalprivado.umh.es\/ca\/wp-json\/wp\/v2\/pages\/22\/revisions"}],"up":[{"embeddable":true,"href":"https:\/\/derechointernacionalprivado.umh.es\/ca\/wp-json\/wp\/v2\/pages\/18"}],"wp:attachment":[{"href":"https:\/\/derechointernacionalprivado.umh.es\/ca\/wp-json\/wp\/v2\/media?parent=22"}],"curies":[{"name":"wp","href":"https:\/\/api.w.org\/{rel}","templated":true}]}}

<span lang="es">(Español) La protección del derecho fundamental a la propia imagen frente a los medios de comunicación y las nuevas amenazas tecnológicas</span>
